composite number?
False
Is 3991639 a prime number?
True
Is 137949499 a prime number?
True
Is 20767343 a composite number?
True
Is 2606378 a composite number?
True
Is 457440145 a composite number?
True
Is 42815051 a prime number?
False
Is 13283 a prime number?
False
Is 166783629 a prime number?
False
Is 5338547 composite?
False
Is 29927087 composite?
False
Is 264522238 a prime number?
False
Is 136199 prime?
False
Is 199830901 composite?
False
Is 1749749 composite?
False
Is 2798269 a prime number?
True
Is 51452411 prime?
True
Is 3716107 composite?
False
Is 265322467 a composite number?
False
Is 183554009 a prime number?
True
Is 534587099 composite?
True
Is 339407 a composite number?
True
Is 515129 prime?
False
Is 1558010005 a composite number?
True
Is 7337221 composite?
False
Is 1666477 composite?
False
Is 65322979 composite?
True
Is 76196231 a prime number?
True
Is 23001653 composite?
False
Is 65074403 prime?
True
Is 6317803 prime?
True
Is 13712873 prime?
True
Is 18513191 prime?
True
Is 1994299 a composite number?
False
Is 568943 a composite number?
True
Is 65186353 composite?
True
Is 3319089 a prime number?
False
Is 15574931 composite?
True
Is 4293769 a composite number?
True
Is 2727799 a composite number?
True
Is 19596646 prime?
False
Is 75788593 a composite number?
True
Is 188377393 a composite number?
False
Is 6405331 prime?
True
Is 30200411 a prime number?
True
Is 1953247 composite?
True
Is 7224403 prime?
False
Is 863183 prime?
False
Is 39565706 prime?
False
Is 364937851 prime?
True
Is 2079859 composite?
False
Is 220461223 a composite number?
True
Is 22961453 prime?
True
Is 1157014165 a composite number?
True
Is 781591 prime?
False
Is 231537563 a composite number?
False
Is 42001049 a prime number?
False
Is 899123 a prime number?
True
Is 3209741 composite?
False
Is 33424147 a composite number?
True
Is 41511031 composite?
True
Is 3058219 composite?
False
Is 51981574 a composite number?
True
Is 78526871 a prime number?
False
Is 844087 a composite number?
False
Is 3356317 prime?
False
Is 816337 a prime number?
False
Is 4814533 a composite number?
False
Is 10099979 a composite number?
False
Is 280948841 a composite number?
True
Is 133701109 prime?
False
Is 5175637 a composite number?
False
Is 4721477 a composite number?
False
Is 303117403 a composite number?
False
Is 99865 prime?
False
Is 6242573 composite?
False
Is 435707 a composite number?
True
Is 6710749 composite?
True
Is 154480199 a prime number?
False
Is 321221 composite?
False
Is 12025811 a prime number?
False
Is 18372841 a composite number?
False
Is 569159 a prime number?
True
Is 28893961 composite?
False
Is 6545597 a prime number?
False
Is 4325813 a composite number?
False
Is 7231709 a composite number?
False
Is 13922807 a prime number?
True
Is 7391933 prime?
False
Is 463100849 a composite number?
True
Is 1013501 a prime number?
True
Is 422479 prime?
True
Is 11302717 a composite number?
False
Is 53153597 prime?
False
Is 601669 a prime number?
True
Is 550045963 composite?
False
Is 6835187 a composite number?
True
Is 905257 a prime number?
False
Is 1637 a prime number?
True
Is 1908499 a composite number?
False
Is 2389897 a composite number?
True
Is 9421751 a prime number?
True
Is 228110131 prime?
False
Is 7411969 prime?
True
Is 266544427 a composite number?
True
Is 452032127 prime?
True
Is 139309493 a composite number?
True
Is 163772563 prime?
True
Is 6850451 prime?
True
Is 4251047 a composite number?
True
Is 2542327 prime?
True
Is 8598061 a prime number?
True
Is 7329559 a composite number?
False
Is 2291213 a prime number?
True
Is 187120733 prime?
False
Is 6045989 a prime number?
True
Is 1160153 a prime number?
False
Is 4847807 a prime number?
True
Is 242026373 a prime number?
False
Is 12860839 prime?
False
Is 29596835 a composite number?
True
Is 345087502 prime?
False
Is 89312287 a prime number?
True
Is 1189369 prime?
False
Is 7837231 a composite number?
False
Is 60755007 a composite number?
True
Is 2850043 composite?
True
Is 362834711 composite?
False
Is 629170649 a composite number?
False
Is 4025269 composite?
False
Is 11757433 a prime number?
True
Is 1269170769 composite?
True
Is 36506017 composite?
False
Is 4567454 a prime number?
False
Is 19980033 prime?
False
Is 30865985 a prime number?
False
Is 300929 prime?
True
Is 1605811 composite?
False
Is 103699 prime?
True
Is 2466019 prime?
False
Is 138439291 a composite number?
False
Is 7624217 composite?
False
Is 10662979 a prime number?
False
Is 1167962 prime?
False
Is 632915411 prime?
True
Is 184019 prime?
False
Is 17507977 composite?
True
Is 259215757 composite?
True
Is 11254583 composite?
False
Is 161391173 prime?
True
Is 2163583723 a prime number?
False
Is 8703241 a composite number?
False
Is 91213 a composite number?
True
Is 70039967 a prime number?
False
Is 87987283 a composite number?
True
Is 159287 prime?
True
Is 2781757 composite?
True
Is 65446705 a composite number?
True
Is 1109502419 prime?
True
Is 180233 composite?
False
Is 83193603 a composite number?
True
Is 1891243 composite?
False
Is 17464081 a prime number?
True
Is 4221251 a prime number?
False
Is 235815929 prime?
True
Is 160298401 prime?
True
Is 6081451 composite?
False
Is 953831 prime?
True
Is 3319157 composite?
False
Is 16972867 prime?
True
Is 36058577 composite?
True
Is 62508131 prime?
False
Is 15329381 a composite number?
True
Is 3755497 composite?
True
Is 12322291 composite?
True
Is 2772985 composite?
True
Is 879751 a prime number?
False
Is 2237033 composite?
True
Is 370874711 a prime number?
False
Is 2056381 composite?
False
Is 52149763 prime?
False
Is 236689 prime?
False
Is 34927093 a composite number?
False
Is 748044595 a prime number?
False
Is 7080499 a prime number?
False
Is 529817 a composite number?
True
Is 159559997 a composite number?
False
Is 4413677 a composite number?
True
Is 3030161 a composite number?
True
Is 9113978 prime?
False
Is 100882121 composite?
False
Is 27367099 a composite number?
False
Is 10762159 composite?
False
Is 2526857 a composite number?
True
Is 7141993 composite?
True
Is 1298351993 prime?
False
Is 28929643 composite?
False
Is 4696957 prime?
True
Is 15007961 a prime number?
False
Is 141829 prime?
True
Is 32510993 a prime number?
False
Is 18654359 a composite number?
False
Is 41248561 composite?
True
Is 262623799 a composite number?
False
Is 158451 a prime number?
False
Is 359474161 composite?
True
Is 6549707 composite?
False
Is 21430559 a prime number?
True
Is 5346689 a prime number?
True
Is 687947 a composite number?
True
Is 117912497 a composite number?
True
Is 96546569 prime?
False
Is 1268893 a composite number?
True
Is 13470767 composite?
False
Is 7923199 prime?
True
Is 940663 prime?
False
Is 21282497 prime?
True
Is 6973381 a composite number?
False
Is 92684283 a prime number?
False
Is 70853281 prime?
True
Is 4332863 composite?
True
Is 87863869 composite?
False
Is 77897033 composite?
False
Is 4639361 prime?
True
Is 36437371 a composite number?
True
Is 18217501 composite?
True
Is 594457 prime?
True
Is 46503185 composite?
True
Is 3946633 composite?
True
Is 21963833 a prime number?
True
Is 20517719 a prime number?
True
Is 5104795 composite?
True
Is 1699063 prime?
True
Is 21513651 a composite number?
True
Is 74957941 a composite number?
True
Is 15620741 composite?
False
Is 2072731 prime?
True
Is 231260791 a composite number?
True
Is 525077 composite?
True
Is 23841591 a composite number?
True
Is 3685999 prime?
True
Is 303138149 composite?
False
Is 50200457 prime?
False
Is 19519183 a prime number?
True
Is 24130303 prime?
False
Is 8292547 a prime number?
True
Is 5088571 a composite number?
True
Is 877551 a prime number?
False
Is 14709129 a prime number?
False
Is 2200677 prime?
False
Is 11498761 prime?
False
Is 43498283 a prime number?
False
Is 14394921 prime?
False
Is 35996377 composite?
False
Is 398731 composite?
False
Is 772253 a composite number?
True
Is 8479631 a prime number?
True
Is 2449087 prime?
True
Is 1394779 a prime number?
False
Is 7302382 prime?
False
Is 10295014 prime?
False
Is 7837601 a composite number?
True
Is 62230457 prime?
False
Is 25482557 a composite number?
False
Is 53841373 a composite number?
False
Is 43268527 composite?
False
Is 256831 prime?
True
Is 3616649 composite?
False
Is 157013121 a composite numbe